r(x) be the first derivative of -7*x**2 - 6*x - 3. What is the remainder when r(y) is divided by 26?
24
Let j = 78 + -73. Suppose h - 30 = -4*q, -j*h + 14 = q - 8*h. Let o(s) = 2*s**2 - 6*s + 2. Calculate the remainder when o(5) is divided by q.
6
Let s = -685 + 688. Let z(j) = -j**3 + 9*j**2 - 8*j + 3. Let k be z(8). Calculate the remainder when s/6*10/k*12 is divided by 12.
8
Suppose 4*o = 10 + 2, 3*q - 1050 = -3*o. Calculate the remainder when q is divided by 87.
86
Let f(u) = -4*u - 145. Let n be f(-37). What is the remainder when ((-620)/(-30) + -4)/(2/n) is divided by 10?
5
Suppose -16*i - 5*i + 399 = 0. Suppose -4*c + i*f = 15*f - 104, 0 = -4*c + f + 89. Calculate the remainder when 82 is divided by c.
19
Suppose -k - 63 = 4*m, 3*k - 2 + 41 = -2*m. What is the remainder when (-2)/(-2) + (-792)/27*m is divided by 34?
33
Suppose 1668 = 2*k + x, -456 = k - 4*x - 1290. What is the remainder when 2513 is divided by k?
11
What is the remainder when -20 + (-704)/(-22) + 646 is divided by 258?
142
Let y = -6983 + 7003. Calculate the remainder when 456 is divided by y.
16
Suppose 2*q - 348 = -2*q. Calculate the remainder when q is divided by (60/(-9) + 5)*((-162)/(-18) - 24).
12
Let m(d) = -4*d**2 - 30*d + 31. Let n(z) = -5*z**2 - 33*z + 30. Let p(i) = 6*m(i) - 5*n(i). Calculate the remainder when 350 is divided by p(14).
20
Suppose -122 = -5*l + 118. Suppose -3*b + 16*n = 18*n - 569, -4*b = -n - 766. What is the remainder when b is divided by l?
47
Calculate the remainder when 558 is divided by ((-1482)/18)/(-13)*18/6.
7
Let p = 27 - 24. Suppose -5*g + 77 = 3*h, 59 + 58 = p*h - 3*g. Calculate the remainder when 64 is divided by h.
30
What is the remainder when (0 - -5)/((-6765)/(-266541)) is divided by 111?
86
Suppose 126*c - 4*h = 124*c + 448, c - 4*h - 210 = 0. Calculate the remainder when 20941 is divided by c.
235
Suppose 3*q - 157 = -5*r, 10*r = 6*r - 2*q + 124. Suppose 5*l - 67 = 218. What is the remainder when l is divided by r?
28
Let l = 147 + -28. Let b = -929 - -825. Let w = b + l. What is the remainder when 42 is divided by w?
12
Let u(x) = 0*x - 5*x - x. Suppose 4*l + 4*z = 34 + 102, -2*l = -4*z - 68. Calculate the remainder when u(-11) is divided by l.
32
Suppose 11*x + 55*x - 198 = 0. Suppose -4*s = -x*v - 1235, 3*s - 19*v + 15*v = 928. What is the remainder when s is divided by 35?
28
Let o(b) = 16*b**2 + b + 10. Let d(u) = -u**2 + 14*u + 47. Let m be d(16). Suppose 79*c - m = 84*c. Calculate the remainder when o(c) is divided by 22.
19
Suppose 5*g = 2*n + 3021, 4*g - 2406 = 5*n - 7*n. Suppose -14*i + g = 211. Calculate the remainder when 246 is divided by i.
22
Suppose 1430*t - 1534*t + 2704 = 0. Let m(y) = y**3 + 3*y**2 - 4*y - 4. Calculate the remainder when m(5) is divided by t.
20
Let w(z) = z**2. Let s(y) = 4*y. Let c be s(-1). Let t(l) = -l**3 + 5*l**2 - 627*l + 2501. Calculate the remainder when w(c) is divided by t(4).
7
Calculate the remainder when (2/(-3))/(6/(-1809)) is divided by (2001/(-92) - -34) + 1*(-1)/4.
9
What is the remainder when ((-3524)/(-16))/((-18)/(-216)) is divided by 1320?
3
Let q = 68 - 20. Let x = -21021 - -21055. What is the remainder when q is divided by x?
14
Let k(m) = -9*m + 6. Let s = 25 + -22. Let p(q) = -4*q + 3. Let f(z) = s*k(z) - 7*p(z). What is the remainder when f(6) is divided by 2?
1
Let b(j) = -2*j**3 + 93*j**2 - 48*j + 191. Calculate the remainder when 439 is divided by b(46).
43
Suppose 339*q = 337*q + 12. Suppose 0 = -q*f - 3*f + 1359. Calculate the remainder when f is divided by 77.
74
Let z = -2835 - -2995. What is the remainder when 2398 is divided by z?
158
Suppose -2*b + 150 = 4*c - 10, 0 = 3*b + 3*c - 255. Suppose -17*l - 487 + 1303 = 0. Calculate the remainder when b is divided by l.
42
Suppose -5*v = 2*g + 3 - 4, g + 4*v = 5. Let y(c) = 2*c**2 + 2*c + 44. Calculate the remainder when y(g) is divided by 45.
38
Suppose -31*i + 32*i - t = 213, 5*t = -2*i + 440. Calculate the remainder when 433 is divided by i.
3
Let k(t) = -34*t - 94. Let i be k(6). Let o = i + 321. What is the remainder when 179 is divided by o?
18
Let p(a) = -5*a. Calculate the remainder when (1 - 4) + 57 - (3 + -7 + 3) is divided by p(-3).
10
Suppose 5*o + j = 195, 2*o = 3*o + 5*j - 39. Let s = -20288 + 20443. What is the remainder when s is divided by o?
38
Let c = 471 - 1089. Let t = c - -676. What is the remainder when 173 is divided by t?
57
Let p = -38526 - -40266. Calculate the remainder when p is divided by 174.
0
Suppose -46*l + 103*l - 1881 = 0. Calculate the remainder when 165 is divided by l.
0
Let u = 2146 + -1758. What is the remainder when u is divided by 30?
28
Suppose -5*o - 365 = -3*z, -4*z - 11*o = -6*o - 475. Let j = z - 30. Calculate the remainder when j is divided by 34.
22
Suppose -7*g = -2*g. Let y(o) = 2*o**2 + 5*o - 11. Let t be y(-4). Suppose -3*x + 34 - t = g. Calculate the remainder when 42 is divided by x.
9
Calculate the remainder when 4/50 - (-1055046)/5050 is divided by 67.
8
Suppose -3*f + 102 = -f. Suppose 12 = 3*j, w - 16 = 22*j - 26*j. Suppose 19*z + 139 - 519 = w. Calculate the remainder when f is divided by z.
11
Calculate the remainder when 297 is divided by (-5134)/(-90) + (-60)/1350.
12
Let a = 567 + -290. Let m = a - 163. Suppose -10 = -c + 29. What is the remainder when m is divided by c?
36
Suppose -2*r + 103 = a, -2*a = r - 50 - 0. Calculate the remainder when 322 is divided by r.
10
Let a = 7741 - 7705. Calculate the remainder when 173 is divided by a.
29
Let s(k) = -58*k + 309. Calculate the remainder when 1383 is divided by s(4).
74
Let x = 222 + -96. Suppose -3*j = 5*b - 127, -2*j - 252 = 4*b - 340. What is the remainder when x is divided by j?
24
What is the remainder when ((-1036524)/136)/((-15)/6 + 2) is divided by 14?
11
Suppose 20 = -5*f, -2*f = 15*h - 14*h - 111. Let g = -178 + 89. Let d = h + g. What is the remainder when 84 is divided by d?
24
Let w = -6 + 21. Let z = -133 - -370. Calculate the remainder when z is divided by w.
12
Let x(q) = -50*q - 95. Suppose 12 = -2*f + 2*z, 0 = 4*z - 6 - 6. Calculate the remainder when x(f) is divided by 28.
27
Suppose 4*k + 10 = -3*o + 87, 2*k + 9 = o. Suppose -182 = -3*b - f - 3*f, 4*b + 5*f = 244. Suppose x - 26 - b = 0. What is the remainder when x is divided by o?
16
Let b = -295 + 297. Calculate the remainder when 58 is divided by 3 + b - 55/(-11).
8
Let n(a) = -2*a**3 - 2*a**2 + 5*a + 2. What is the remainder when (-11)/(-2)*(-732)/(-22) is divided by n(-3)?
22
Let m(z) = -5*z**2 + 2*z - 2. Let p be m(5). Let i = 120 + p. Suppose 0 = 2*q - 6, -2*q = -2*d + i*d - 75. Calculate the remainder when d is divided by 37.
32
Let r = -8754 - -8789. What is the remainder when 1460 is divided by r?
25
Let g(h) = -33*h**3 - 5*h**2 - 16*h - 18. Calculate the remainder when 672 is divided by g(-2).
156
Let y(x) = 36*x + 231. Let l(w) = 29*w + 232. Let j(s) = -6*l(s) + 5*y(s). Let a = 121 - 72. Calculate the remainder when a is divided by j(44).
22
Let p be 56 + (-2 + -6 - -1). Suppose -5*w = -w - 272. What is the remainder when w is divided by (-24)/30 + p/5?
5
Let y = -1583 - -4045. Calculate the remainder when y is divided by 176.
174
Suppose r - 5*r + 5*s = 0, r + 2*s = 0. Suppose 2*g + 5*l = -4, 0 = -r*l + 5*l + 10. What is the remainder when (-106)/(-6) + 4/(-6) is divided by g?
2
Suppose -4*n - 122*h + 836 = -120*h, 5*n - 1024 = h. What is the remainder when n is divided by 65?
11
Let s = -227 - -239. Let w = 68 + -59. Calculate the remainder when w/(-3) - (-3 - 35) is divided by s.
11
Suppose -y + 7*y = 30. Suppose h = -h + b + 103, -4*b = y*h - 225. Suppose -h = -4*d + 23. Calculate the remainder when d is divided by 4.
2
Suppose 0 = 5*r + 4*h - 81, -5*r - 6*h + 53 = -9*h. Suppose 2*z = -10, -4*q - 14*z - r = -9*z. Calculate the remainder when 25 is divided by q.
1
Let q(g) = -g**3 - 9*g**2 - 14*g + 281. Calculate the remainder when q(-12) is divided by 154.
111
Let r(u) = -2*u**2 + 7 - 2*u + 16 - 41*u**3 + 80*u**3 - 40*u**3. Calculate the remainder when 412 is divided by r(0).
21
Suppose 4*k - 113 = -m, -3*m + 309 = -3*k - 0*k. Let y = -73 - -19. Calculate the remainder when m is divided by (4 - 5)/(2/y).
24
Let j(m) = -13*m**2 - 60*m + 538. Let i(b) = 8*b**2 + 41*b - 359. Let s(p) = 8*i(p) + 5*j(p). What